52/r. Let s(n) = n**3 + 6*n**2 - n - 1. Determine s(k).
5
Let n(t) = 2*t + 6. Let l be n(-4). Let a = -19 + 22. Let i(v) = -a + 3*v**2 + v**3 + 0*v**2 + 1 - 1 - 3*v. What is i(l)?
7
Suppose 0 = 2*a - 12 - 2. Let q(r) be the first derivative of r**2/2 - 7*r - 14. Determine q(a).
0
Let b(s) = s**3 - 6*s**2 + 6*s - 1. Let v(t) = -t**3 - t**2 + 18. Let f be v(0). Let z be (2 - 2) + -3 + (f - 10). Determine b(z).
4
Let m(n) = -n**2 + 81*n - 832. Let q be m(12). Let r(v) be the first derivative of 2 + 1/2*v**2 + 2*v. Determine r(q).
-2
Suppose -2*j + 50 = 3*j. Suppose -2*r - v = -5, 0 = -5*r - 3*v - 2*v + j. Let i(d) = -d - 4. What is i(r)?
-7
Let b = -1176 + 1179. Let k(c) = c**3 - 3*c**2 - c - 5. Determine k(b).
-8
Let b(w) = w + 8. Let r be b(-6). Let u(s) = -s**r + 23 - s - 20 - 3*s + 2*s**3. Let n = -11 + 13. Determine u(n).
7
Let v be 3*(175/(-15))/(-5) + 1. Let x(a) = 5 - 1 - 2 - 2*a. Determine x(v).
-14
Let p(d) be the third derivative of -d**6/120 + d**5/15 + 7*d**4/24 - 5*d**3/6 - d**2. Let i be 120/(-16)*(-8)/(-5). Let r be 3*(-16)/i + 1. Give p(r).
5
Let l(s) = -s**3 - 10*s**2 + 9*s - 5. Suppose -6*w = 5*w + 121. Calculate l(w).
17
Let f(i) = i**3 - 5*i**2 + i + 6. Suppose -3*k - 25 = -8*k. Let s be f(k). Let m = -4 + s. Let b(w) = w - 12. What is b(m)?
-5
Let j(f) = 283796*f**2 + 2*f - f**3 - 7 - 283796*f**2. Calculate j(-3).
14
Suppose 5*z = -4*y + 19 + 14, -19 = -5*z + 3*y. Let v(i) be the first derivative of -z*i + 6 + 1/2*i**2. Give v(6).
1
Let r(x) = 4*x - 3. Let w be r(1). Let u(m) = 0 + w + 4 + 3*m - 4*m. What is u(4)?
1
Let i(x) = 36*x + 1. Suppose 64 - 62 = 2*f. Calculate i(f).
37
Let o(r) = -34*r - 30*r + 58*r - 1. Let c be 4/(-20) - (-6)/5. Calculate o(c).
-7
Let h = 25 + -37. Let m = -8 - h. Let z(o) = -198*o**3 + 5*o**2 + 6 + 199*o**3 - m*o**2. Calculate z(0).
6
Let h(n) be the first derivative of -n**4/4 + 2*n**3 + 4*n**2 + n - 53. Let t(b) = -b + 13. Let o be t(6). Determine h(o).
8
Let m(f) = f**2 - 7*f + 6. Let o be m(5). Let z(i) = -3*i + 5 - 6*i + 7*i + 4*i. Give z(o).
-3
Let d = -391 - -401. Let n(w) be the third derivative of -1/2*w**3 - d*w**2 + 1/120*w**6 + 0 + 1/8*w**4 - 1/12*w**5 + 0*w. What is n(5)?
12
Let c(o) = -o**3 - 5*o**2 + 7*o - 2. Suppose h + 2 - 7 = 0, -5*s = 2*h + 620. Let v be s/(-14)*4/3. Suppose 0*p = 2*p + v. What is c(p)?
-8
Let c(i) = 2*i - 3. Let j(m) = -17*m + 13. Let y(d) = 4*d - 3. Let b(p) = -2*j(p) - 9*y(p). Let t be b(-2). Give c(t).
7
Suppose -9 = -5*i + 2*i. Suppose n = i*n. Let a(x) = -x + 28 + 48 - 75. Calculate a(n).
1
Let z(r) = -r**2 - 12*r + 13. Suppose -513*y = -510*y + 36. Determine z(y).
13
Let a(w) = -24*w + 9*w + 13*w + 4. What is a(6)?
-8
Let x be (-21)/(-3) + (-1)/(11/66). Let v(k) be the first derivative of 3*k**2 + k + 1. Determine v(x).
7
Let m(y) be the first derivative of y**4/4 - y**3/3 + y**2/2 - 45*y - 753. Calculate m(0).
-45
Let x(a) = 5*a - 13. Let t(u) = -29*u + 64. Let m(y) = 2*t(y) + 11*x(y). Give m(-8).
9
Let p be (-135)/(-18)*4/(-6). Let k(c) = c**2 - c + 1. Let i(x) = 2*x**2 - 9*x + 7. Let o(m) = -i(m) + 3*k(m). Determine o(p).
-9
Let p(f) = -2*f**3 + f**2. Let c be (-1)/(-2) + 1/(-2). Let q = 13 - 1. Suppose 4*m = -t + 11, -3*t + c*m = -3*m + q. Determine p(t).
3
Let j(x) = -4*x**2 + 6*x - 3. Let r be (-52)/(-169)*39/6. Determine j(r).
-7
Let m(o) be the first derivative of -o**4/4 + 14*o**3/3 + 2*o**2 - 26*o - 430. What is m(14)?
30
Let f(a) = a. Suppose 6*s + 338 = 374. Give f(s).
6
Let s(z) = -z**3 - z - 1. Let t be (6/(-2))/(4/(-4)). Let b(f) = -2*f**3 - 7*f**2 + 2*f - 4. Let g(h) = t*s(h) - b(h). Let l be (4 - -1) + 1/1. What is g(l)?
7
Let x = -9 - -13. Suppose 3 = -x*f + f. Let t(a) = -3*a**3 + 2*a**2 + a. What is t(f)?
4
Let n(k) = 8*k - k**2 - 10*k + 1 + 7 + 1. Let w(r) be the third derivative of r**3/6 - 2*r**2. Let l(m) = -n(m) + 4*w(m). Give l(-4).
3
Suppose 5*w - 28 = -4*t, -t = w - 5*t - 20. Let u(h) = 21*h**2 + 4*h**3 + 10*h**3 - 12*h**2 - w*h**2. Give u(1).
15
Suppose -s = 5*k - 18, -2*s + k + 2 = 10. Let b(y) = -2*y + 1. Calculate b(s).
5
Let w be (-4)/42 + -46*(-4)/168. Let c(u) = -8*u - 1. Calculate c(w).
-9
Suppose -1 + 7 = -p. Let s(u) = u**3 + 7*u**2 + 5*u - 7. What is s(p)?
-1
Let a(c) = -3*c**2 + 4*c - 2. Let i(p) = p**3 + 7*p**2 + 2*p - 10. Let n be i(-7). Let g be 16/n*(-3)/2. Suppose -o + g + 1 = 0. Give a(o).
-6
Let i(b) = -5 + 54*b - 95*b + 42*b. What is i(-5)?
-10
Let z(s) = s + 15. Let v be z(-9). Let q(t) = -t**2 - 2*t**2 + v - 8*t + 5*t**2 - 2*t. Calculate q(6).
18
Let w be 21/56 - 57/24. Let h(l) = -2*l - 2. Let j be h(w). Let y(n) = j*n + 7*n - 4 + 5*n - 13*n. Give y(5).
1
Let q = 14 + -11. Suppose 0 = q*t + 2*p - 0*p + 16, -5*t + 4*p = 12. Let s(k) = 3*k**2 - k. Let a(w) = w**2 + w. Let h(y) = t*a(y) + s(y). What is h(-5)?
0
Let m(k) = 2*k**3 + 5*k**2 - k + 1. Let t(a) = -8*a**3 - 20*a**2 + 3*a - 6. Let r(n) = -9*m(n) - 2*t(n). Give r(-4).
39
Let o(j) = -6*j + 4 - 2*j + 9*j. Let s(g) = 7*g - 29. Let y be s(3). What is o(y)?
-4
Let b(q) = -q**3 + 15*q**2 - 27*q + 8. Let l be b(13). Let j(x) = -30*x + 9. Let y(g) = -14*g + 4. Let r(c) = 6*j(c) - 13*y(c). Give r(l).
-8
Let x be ((-3 - -1) + -1)*-2. Let n be 14/x - (-6)/9. Let d(u) = -3*u**2 - u**2 + 3*u**2 + 2*u**2 + 4 - 2*u. Give d(n).
7
Let m(b) be the second derivative of -b**3/6 - 2*b**2 - 68*b. Calculate m(-1).
-3
Let y(a) = 5*a**2. Let l be 2*(2 + -2 + 1). Let n be (-2)/l*19/19. Calculate y(n).
5
Let k(s) = -658*s**2 - 3 + 1307*s**2 - 658*s**2 + 9*s + s**3. Determine k(8).
5
Suppose -2*q - q + 9 = 0. Let r be 3/(-2*q/12). Let d(i) be the third derivative of i**5/60 + 5*i**4/24 + 2*i**3/3 + 186*i**2 - 2. Determine d(r).
10
Let a(t) = -4*t**2 - 7*t + 5. Let r be 6/(-15)*5/(-1). Let u(b) = 3*b**2 + 6*b - 5. Let o(y) = r*a(y) + 3*u(y). Let g = -10 - -6. What is o(g)?
-5
Let i(y) = y**2 - 16 - 3*y - 6 + 0*y + 18. What is i(3)?
-4
Let g(v) = v**2 - 2*v - 2. Suppose 5*o - q = 75, -2*o + 5 - 2 = 5*q. Suppose 12 = r + o. What is g(r)?
6
Let v(y) = y**3 + 13*y**2 + 10*y - 21. Let i be v(-12). Suppose -11*p + 25 = i. Let j(c) = -c - 1. What is j(p)?
-3
Let c = 151 + -156. Let r(a) = a**3 + 5*a**2 + 2*a + 7. What is r(c)?
-3
Let a(p) be the second derivative of -p**4/4 - p**3/2 - 3*p**2/2 + 96*p. Calculate a(3).
-39
Let u(v) be the second derivative of -v**5/20 - 5*v**4/12 + v**3/6 + v**2/2 - v + 18. Determine u(-5).
-4
Let i(m) be the third derivative of -m**5/60 + 5*m**4/12 - 19*m**3/6 + 10*m**2. Calculate i(7).
2
Let b(l) = -l**3 + 3*l + 4. Let s(j) = j**2. Let x(o) = -b(o) + 2*s(o). What is x(-3)?
-4
Let s(d) = 21*d + 0 - d**2 - 30*d + 11*d + 3 + 0. Let b = 11 + -7. Give s(b).
-5
Let x be 2*4/(-5)*5*2. Let n(q) be the first derivative of q**3/3 + 17*q**2/2 + 22*q + 2. Let o be n(x). Let t(s) = -s**3 + 7*s**2 - 3*s - 6. What is t(o)?
12
Let j(o) = 6*o**2 - 2*o + 1. Let y be 3/(-9) - (-8)/6. Let w be j(y). Suppose 0 = 3*h - w*h + 12. Let d(s) = s**2 - 5*s - 1. What is d(h)?
5
Let w(k) = k**3 + 5*k**2. Suppose 0*d - 4*d - 20 = 0. Let b be w(d). Let v(a) be the third derivative of -a**6/120 + a**5/60 + 12*a**2. Give v(b).
0
Let k(c) be the third derivative of c**5/60 + c**4/8 - c**3/3 - c**2. Suppose -31*h = 2*p - 26*h + 45, -4*p - 23*h = 181. Give k(p).
8
Let b(d) be the first derivative of -d**3/3 + d**2 + 23*d - 633. Determine b(-5).
-12
Let z(f) = -f**3 + 6*f**2 + 7*f + 4. Let s be (-440)/(-176)*(2 - 8/(-10)). Determine z(s).
4
Let i(w) = -2*w - 20. Let n(t) = 2*t + 14 + t + 28 - 11. Let g(p) = 8*i(p) + 5*n(p). Calculate g(-7).
2
Let c(x) = -3*x**3 - 3*x**2 + 17*x + 11. Let r(b) = -b**3 - b**2 + 6*b + 4. Let z(v) = 4*c(v) - 11*r(v). Suppose 0 = -1587*a + 1616*a + 58. Give z(a).
0
Let b(w) = w - 2. Let p be b(3). Let h = p - -2. Let c(d) = d**3 - 3*d**2 - 3*d + 3. Calculate c(h).
-6
Let l(y) = 2*y**3 + y**2 - y + 1. Let s(o) = -2*o**2 - 6*o + 5. Let q be 0 + (1 - 2 - 3). Let a be s(q). Let v be 15/(2 - a) + -2. What is l(v)?
3
Let l(p) = -5*p - 9. Suppose -25 + 5 = 10*g. Give l(g).
1
Let r be (4 + -1)/(1/(-2)). Let l(z) = -2*z - 21. Let i(j) = 4*j + 42. Let t(c) = 3*i(c) + 7*l(c). Let k(x) = -x - 10. Let b(s) = 5*k(s) - 3*t(s). Give b(r).
7
Let t(k) = k**3 + 13*k**2 - 13*k + 16. Let m be t(-14). Let g(z) = 5*z**3 + 4 - m + 0 - 3 + z**2. What is g(1)?
5
Let w(x) be the fir